s x(5)?
-4
Let l(o) = -o**3 - 9*o**2 - 2*o - 4. Let p be 371/159 - (-68)/(-6). Determine l(p).
14
Suppose -3*o + 3 = d + 1, 16 = 4*o - 2*d. Let v be ((-4)/(-12))/(o/18). Let m(c) = -2 + 7*c**2 - 2*c**3 - 2*c**2 + 4 + c**v - 3*c. Calculate m(4).
6
Let z(g) = g**3 - 4*g**2 - 6*g - 2. Let w be z(5). Let k(d) be the second derivative of -1/12*d**4 - 7/6*d**3 + 0 + 2*d + 9/2*d**2. Determine k(w).
9
Suppose -2*n - o = -0*n + 14, 12 = -3*o. Let h(s) = 0*s**3 + 7 - 5 - 2*s**2 + 117*s - 116*s + 7*s**2 + s**3. Determine h(n).
-3
Let f(n) = n + 15. Let m be f(-7). Let b(z) = z**2 + 3*z - 2. Let r be b(-3). Let y = r + m. Let c(w) = -w**2 + 6*w. What is c(y)?
0
Let h(y) be the second derivative of y**4/6 - 5*y**3/6 - 145*y. What is h(4)?
12
Suppose -9*i = 70*i + 790. Let r(k) be the third derivative of -k**5/60 - 5*k**4/12 + 7*k**3/6 - k**2. Determine r(i).
7
Let o(x) be the first derivative of x**2 - 5*x - 2. What is o(6)?
7
Let c be (-12)/(-42) - (-38)/14. Let f(d) = -4 + 102*d - 106*d + c. Give f(-5).
19
Let d = 9 + -7. Suppose -2*l + 30 = -d. Let g(z) = 6*z + 18*z**2 - 2*z - l*z**2. Determine g(-3).
6
Let q(p) be the first derivative of -p**3/3 + 6*p - 308. Calculate q(-6).
-30
Let s(v) be the second derivative of 0 + 1/6*v**3 + 1/4*v**4 + 1/2*v**2 - 3*v. Give s(-1).
3
Let h(j) = j**2 - 3*j - 3. Suppose 7*s = 10*s + 99. Let a = s + 58. Let r = -21 + a. Give h(r).
1
Let j(h) be the third derivative of -11*h**2 + 0 - 1/120*h**6 - 1/12*h**4 - 2/3*h**3 + 0*h + 1/15*h**5. Give j(3).
-1
Let i(x) be the first derivative of -2*x**2 - 10*x + 44. What is i(-4)?
6
Let z(i) = -i**2 - 25*i + 7. Let b(o) = 3*o**2 + 71*o - 18. Let v(m) = 3*b(m) + 8*z(m). Give v(-11).
-20
Let w = 5 - 3. Let m(r) be the third derivative of -r**5/120 + r**4/8 - r**3/6 + 13*r**2. Let y(l) be the first derivative of m(l). Give y(w).
1
Suppose 3*y = 4*y + 63. Let j = 510 + y. Let f(o) = -447 + j - 4*o. Give f(5).
-20
Let z = 7 + -5. Let y = z + 3. Let u(t) = y - 2*t + 0 - 3 - 1. Calculate u(-1).
3
Suppose -26 = 4*q - p, p - 4 = 2*q - 4*p. Let v(b) = 3*b. What is v(q)?
-21
Let g = -19 - -27. Let v(x) = g - 2*x + 13*x - 6 + 0*x. Let l(h) = -5*h - 1. Let u(k) = -9*l(k) - 4*v(k). What is u(-4)?
-3
Let t(a) be the first derivative of 3*a**2 + 13*a + 479. Calculate t(-3).
-5
Suppose -10*u + u = -18. Let c(w) = 2*w - 2. Calculate c(u).
2
Let h(u) = 5*u**2 + 1. Suppose -3*q - 5*z = -2*q + 21, -q + z + 3 = 0. Determine h(q).
6
Let g(v) = 414*v**2 - 418*v**2 - 4*v + v**3 + v. Give g(5).
10
Let y(m) = -4*m**3 - m**2. Let c be y(-1). Let w(s) be the second derivative of -2*s**2 + 1/6*s**4 + 5*s + 0 - 1/2*s**3. Determine w(c).
5
Let f(r) = 5 - 2 - 4*r - 5*r**2 + 4*r**2. Let o be f(-4). Suppose -3*c + 9 = o*d, -4*c = c + 3*d - 17. Let k(i) = i**2 - i - 4. Give k(c).
8
Let m(o) = -6*o + 64. Let r(u) = 2*u - 21. Let j(z) = -5*m(z) - 16*r(z). What is j(11)?
-6
Let m = 30 - -2. Suppose -d + m = -5*d. Let o(i) = i**2 + 10*i + 12. Give o(d).
-4
Suppose -6 + 32 = -2*a. Let t(x) = -4*x - 47. Calculate t(a).
5
Let j(b) = 8 + b**2 - 15 + 3*b + 12. Give j(-2).
3
Let w(r) = 2*r - 5. Suppose 5*u = -2*y - 20, u + 30 = -3*y - 2*u. Let d be (-7 + y)*(-1 - 0). Suppose 0 = -a - 2*a + 3, 4*s - d = -a. Calculate w(s).
3
Let r(p) = 6*p + 58. Let l(h) = -6*h - 58. Let m(v) = -5*l(v) - 6*r(v). Let s be m(-9). Let n(f) = f**3 + 6*f**2 + 6*f + 1. Determine n(s).
9
Let t = 16 + 47. Suppose -27*q = -20*q - t. Let b(h) = h**3 - 9*h**2 - 2*h + 11. Determine b(q).
-7
Let x(m) be the second derivative of -m**5/20 - 5*m**4/6 - 2*m**3 - 17*m**2/2 - m + 25. Determine x(-9).
10
Let l(n) = -n**2 - 9*n - 5. Let o be l(-5). Let z be ((-6)/(-4))/(o/50). Let m(r) = -7 + z*r**2 + 5 + 3 + 2*r. Give m(-1).
4
Let s(t) = -3*t + 19. Let i(n) = -n. Let q(g) = -2*i(g) + s(g). What is q(9)?
10
Suppose j - 4*j = -9. Let i be 4/(4 - 8)*(j - 2). Let q(n) = -17*n**3 + 2*n**2 + n. Calculate q(i).
18
Let o(u) be the third derivative of -u**6/60 - u**5/15 - u**4/12 + u**3/6 - u**2. Let q be 1/(((-1)/(9 - 15))/((-1)/3)). Determine o(q).
5
Let a(r) = 5*r - 3. Suppose 0 = -3*w - 2*h + 6 + 14, 5*w = -2*h + 36. Let o be (-4)/w*(-30)/(-3). Let i = 7 + o. Calculate a(i).
7
Suppose 2*v = 10, -i + 3*v = -4*i + 87. Suppose 16*u - 24*u = -i. Let l(w) = -w**3 + 5*w**2 - 2*w + 4. What is l(u)?
16
Let x(f) = 14*f**2 - 24*f + 62. Let g(q) = 3*q**2 - 6*q + 15. Let a(d) = -9*g(d) + 2*x(d). Determine a(-9).
16
Let f(v) be the second derivative of v**3/2 + 9*v**2/2 + 10*v. Let l(g) = 5*g**2 - 61*g + 5. Let t be l(12). What is f(t)?
-12
Suppose -26*q + 22*q = -32. Let t be (q/10)/(26/65). Let d(j) = -t*j + 0 - 6 + 2 + 6. Give d(6).
-10
Suppose 0*i + 5*i = 35. Suppose -3*o = -6, 0 = 5*v - 4*o + 31 + i. Let j(r) be the third derivative of r**5/60 + r**4/3 + r**3 + r**2. Calculate j(v).
-6
Suppose -15 = -5*w + 15. Let a(o) = -7*o - o**2 + o - 14 - w*o. Let b be a(-10). Let h(i) = -i**2 + 6*i + 2. What is h(b)?
2
Let x = -3 + 4. Let r(u) = 1 + 14*u - 1 - 2*u. What is r(x)?
12
Let d(i) be the first derivative of -i**5/40 - i**4/24 - 5*i**3/3 - 2. Let q(a) be the third derivative of d(a). Determine q(-1).
2
Let u(z) be the second derivative of -z**3/2 + z**2 + 4*z - 3. Calculate u(2).
-4
Let x(y) = -10*y - 27. Let p(c) = 7*c + 19. Let u(q) = 7*p(q) + 5*x(q). Determine u(-2).
0
Let l(k) = -k + 1. Suppose 6*g - 3*g = 84. Let d = g + -27. Determine l(d).
0
Suppose -318 = -5*h - h. Let o = h - 62. Let q(d) = d**3 + 9*d**2 + d - 2. Determine q(o).
-11
Let v(j) = -j**3 + 4*j**2 + 3*j + 7. Let b be (1/1)/((-6)/(-30)). What is v(b)?
-3
Let i = -2 + 10. Let j be 1/5*(15 - 5). Let d(g) = 5*g - 4*g - 5 + 1 - j. Determine d(i).
2
Let y(g) = -28*g**2 + 4*g - 11. Let m(z) = 13*z**2 - 2*z + 5. Let i(n) = 13*m(n) + 6*y(n). Let q(a) = a**2 - 6*a + 9. Let d be q(5). Determine i(d).
7
Let n(i) = i**2 - i - 5. Let j(p) = p + 1. Let m(b) = 2*b + 1. Let g be (-4)/(-2) - (5 + -2). Let y(r) = g*m(r) + 3*j(r). Let x be y(-2). Determine n(x).
-5
Let n = 37 + -1. Let s = n - 20. Let b(x) = s - x - 10 - 9. Determine b(-6).
3
Let c be 6*3/12*(10 - 8). Let w(d) = -23*d + 1. Calculate w(c).
-68
Let q(u) = -3*u - 3. Suppose -3*n = 5*n - 24. Determine q(n).
-12
Let i = 4 - -2. Let g(a) be the third derivative of 13*a**2 + 0*a - a**3 + 0 + 1/24*a**4. What is g(i)?
0
Let p(z) = 3. Let l(v) = 6*v**2 - 2*v - 4. Let i(j) = -l(j) - p(j). Calculate i(-1).
-7
Let d(r) be the second derivative of r**6/120 + r**3/6 + 4*r**2 - 14*r. Let k(z) be the first derivative of d(z). Determine k(-1).
0
Suppose -2*w = -5*g + 32, w = 4*w - 12. Let z(j) = g - 15 - j**2 + 8*j - 15*j. Give z(-6).
-1
Let r(n) = -n**2 - n + 8. Let b(i) = 5*i**2 + 14*i - 38. Let q(o) = b(o) + 6*r(o). Determine q(11).
-23
Let x = -2 - -3. Suppose x = -4*k + 17. Let b(p) = p**2 - 4*p + 3. Determine b(k).
3
Let q(v) be the first derivative of -v**3 - v**2/2 + v - 305. Let m = 2 - 1. What is q(m)?
-3
Let i(b) = -b**2 + b + 10. Suppose 20*r + 5*v + 45 = 24*r, 3*v = -5*r + 10. Calculate i(r).
-10
Let j(s) = -s - 3. Let b(f) = f**2 + 9*f - 10. Let x(l) = -b(l) + 7*j(l). Determine x(-13).
28
Let q(i) = 4*i**2 - i - 1. Suppose -j - 2 = 0, 4*r + 2*j - 9 + 5 = 0. Give q(r).
13
Let a(s) = -s**3 - 5*s**2 - 10*s - 6. Let z be -18*(-5)/10 + 1*2. Let v(t) = 3*t**3 + 15*t**2 + 29*t + 18. Let d(q) = z*a(q) + 4*v(q). Calculate d(-4).
-2
Let k be (2/18)/(4/(-12))*-33. Suppose 5 = 3*f + k. Let n(x) = -x**2 - 4*x - 2. What is n(f)?
2
Let m(s) = -10*s**2 - s - 1. Let j(u) = 28*u**2 + 4*u + 3. Let i(d) = -4*j(d) - 11*m(d). Let a(w) = w**2 - w + 1. Let y(t) = -2*a(t) + i(t). What is y(-2)?
-13
Suppose 13 + 20 = -3*v. Let a = 9 + v. Let h be (a - -2)/(6/3). Let t(u) = -u**2 + u - 1. What is t(h)?
-1
Let k(i) = -2*i - 24. Let b = 113 - 126. Give k(b).
2
Let d(m) = -547*m**3 + 7*m + 1094*m**3 - 546*m**3 + 8 + 7*m**2. Let l(h) = h**3 + 2. Let i be l(-2). Give d(i).
2
Let s(o) = -3*o**2 - 4*o + 1. Let l(w) = -4*w**2 - 4*w + 1. Let g(b) = -2*l(b) + 3*s(b). Let q(j) = -j**2 - 20*j + 39. Let x be q(2). Calculate g(x).
-4
Suppose 0 = -2*i + 68 - 20. Let f = i + -24. Let o(u) = u - 14. Calculate o(f).
-14
Let z(n) = -n**2 + 8*n + 503. Let y be z(27). Let x(b) = b**3 + 10*b**2 + 4*b + 40. Calculate x(y).
0
Let m(c) = -c. Let q be m(-2). Let i(k) = 5*k + 11. Let r(w) = -10*w - 19. Let p(h) =